{"id":23,"date":"2016-02-14T07:16:39","date_gmt":"2016-02-14T06:16:39","guid":{"rendered":"http:\/\/obuk-ev.org\/?page_id=23"},"modified":"2024-07-24T20:54:20","modified_gmt":"2024-07-24T18:54:20","slug":"tagungswerk-seminar-und-gaestehaus-im-kubiz","status":"publish","type":"page","link":"http:\/\/kruemelskeks.net\/en\/tagungswerk-seminar-und-gaestehaus-im-kubiz\/","title":{"rendered":"tagungswerk &#8211; Seminar- und G\u00e4stehaus im KuBiZ"},"content":{"rendered":"<p><img loading=\"lazy\" decoding=\"async\" class=\"alignnone size-full wp-image-81\" src=\"http:\/\/kruemelskeks.net\/wp-content\/uploads\/2016\/02\/tagungswerk-im-kubiz-seminarhaus.jpg\" alt=\"tagungswerk - Seminar- und G\u00e4stehaus im KuBiZ\" width=\"760\" height=\"150\" srcset=\"http:\/\/kruemelskeks.net\/wp-content\/uploads\/2016\/02\/tagungswerk-im-kubiz-seminarhaus.jpg 760w, http:\/\/kruemelskeks.net\/wp-content\/uploads\/2016\/02\/tagungswerk-im-kubiz-seminarhaus-300x59.jpg 300w\" sizes=\"(max-width: 760px) 100vw, 760px\" \/><\/p>\n<p>Sie planen mit Ihrer <strong>Seminargruppe<\/strong> ein intensives Arbeits- und Diskussionswochenende und suchen daf\u00fcr den passenden Ort? Sie m\u00f6chten mit der <strong>Schulklasse<\/strong> nach Berlin, suchen aber eine Unterbringung jenseits vom anonymen Massenbetrieb der Jugendherbergen? Oder Ihre Gruppe sucht einfach nur eine <strong>\u00dcbernachtungsm\u00f6glichkeit<\/strong> f\u00fcr den Berlin-Besuch?<\/p>\n<p><a href=\"https:\/\/http:\/\/kruemelskeks.net\/wp-content\/uploads\/2016\/02\/seminarroom.jpg\" target=\"_blank\" rel=\"noopener\"><img loading=\"lazy\" decoding=\"async\" class=\"alignright wp-image-416\" src=\"https:\/\/kruemelskeks.net\/wp-content\/uploads\/2016\/02\/seminarroom-300x168.jpg\" alt=\"Seminarraum in unserem G\u00e4stehaus\" width=\"320\" height=\"179\" srcset=\"http:\/\/kruemelskeks.net\/wp-content\/uploads\/2016\/02\/seminarroom-300x168.jpg 300w, http:\/\/kruemelskeks.net\/wp-content\/uploads\/2016\/02\/seminarroom.jpg 450w\" sizes=\"(max-width: 320px) 100vw, 320px\" \/><\/a>OBUK e.V. betreibt seit 2013 im Berliner Bezirk Wei\u00dfensee ein kleines Tagungs- und G\u00e4stehaus, das <strong>insgesamt 27 G\u00e4ste<\/strong> beherbergen kann. Unsere \u00dcbernachtungs- und Bildungsst\u00e4tte ist inmitten eines selbstverwalteten, alternativen Wohn-, Arbeits- und Lebensprojektes angesiedelt. Mit unserem Seminar- und G\u00e4stehaus wollen wir einen Ort der Begegnung verschiedener Menschen, des Austausches und des miteinander Lernens schaffen.<\/p>\n<blockquote><p><a href=\"http:\/\/tagungswerk.de\/wordpress\" target=\"_blank\" rel=\"noopener\"><img loading=\"lazy\" decoding=\"async\" class=\"alignright wp-image-421\" src=\"https:\/\/kruemelskeks.net\/wp-content\/uploads\/2016\/02\/tagungswerk-logo.png\" alt=\"Logo tagungswerk\" width=\"180\" height=\"106\" \/><\/a><strong>Weitere Informationen<\/strong> zu den R\u00e4umlichkeiten und zu unseren Angeboten finden sie auf <a href=\"http:\/\/tagungswerk.de\" target=\"_blank\" rel=\"noopener\">tagungswerk.de<\/a>.<\/p>\n<p><strong>Kontakt:<\/strong> kontakt(at)tagungswerk.de<\/p><\/blockquote>\n","protected":false},"excerpt":{"rendered":"<p>Sie planen mit Ihrer Seminargruppe ein intensives Arbeits- und Diskussionswochenende und suchen daf\u00fcr den passenden Ort? Sie m\u00f6chten mit der Schulklasse nach Berlin oder suchen f\u00fcr ihre Gruppe eine \u00dcbernachtungsm\u00f6glichkeit jenseits vom anonymen Massenbetrieb der Jugendherbergen? Schauen Sie doch bei uns vorbei.<\/p>\n","protected":false},"author":2,"featured_media":0,"parent":0,"menu_order":0,"comment_status":"closed","ping_status":"closed","template":"","meta":{"footnotes":""},"class_list":["post-23","page","type-page","status-publish","hentry"],"yoast_head":"<!-- This site is optimized with the Yoast SEO plugin v19.8 - https:\/\/yoast.com\/wordpress\/plugins\/seo\/ -->\n<title>tagungswerk - Seminar- und G\u00e4stehaus im KuBiZ - OBUK Berlin<\/title>\n<meta name=\"robots\" content=\"index, follow, max-snippet:-1, max-image-preview:large, max-video-preview:-1\" \/>\n<link rel=\"canonical\" href=\"http:\/\/kruemelskeks.net\/tagungswerk-seminar-und-gaestehaus-im-kubiz\/\" \/>\n<meta property=\"og:locale\" content=\"en_US\" \/>\n<meta property=\"og:type\" content=\"article\" \/>\n<meta property=\"og:title\" content=\"tagungswerk - Seminar- und G\u00e4stehaus im KuBiZ - OBUK Berlin\" \/>\n<meta property=\"og:description\" content=\"Sie planen mit Ihrer Seminargruppe ein intensives Arbeits- und Diskussionswochenende und suchen daf\u00fcr den passenden Ort? Sie m\u00f6chten mit der Schulklasse nach Berlin oder suchen f\u00fcr ihre Gruppe eine \u00dcbernachtungsm\u00f6glichkeit jenseits vom anonymen Massenbetrieb der Jugendherbergen? Schauen Sie doch bei uns vorbei.\" \/>\n<meta property=\"og:url\" content=\"http:\/\/kruemelskeks.net\/tagungswerk-seminar-und-gaestehaus-im-kubiz\/\" \/>\n<meta property=\"og:site_name\" content=\"OBUK Berlin\" \/>\n<meta property=\"article:modified_time\" content=\"2024-07-24T18:54:20+00:00\" \/>\n<meta property=\"og:image\" content=\"http:\/\/kruemelskeks.net\/wp-content\/uploads\/2016\/02\/tagungswerk-im-kubiz-seminarhaus.jpg\" \/>\n<meta name=\"twitter:card\" content=\"summary_large_image\" \/>\n<meta name=\"twitter:label1\" content=\"Est. reading time\" \/>\n\t<meta name=\"twitter:data1\" content=\"1 minute\" \/>\n<script type=\"application\/ld+json\" class=\"yoast-schema-graph\">{\"@context\":\"https:\/\/schema.org\",\"@graph\":[{\"@type\":\"WebPage\",\"@id\":\"http:\/\/kruemelskeks.net\/tagungswerk-seminar-und-gaestehaus-im-kubiz\/\",\"url\":\"http:\/\/kruemelskeks.net\/tagungswerk-seminar-und-gaestehaus-im-kubiz\/\",\"name\":\"tagungswerk - Seminar- und G\u00e4stehaus im KuBiZ - OBUK Berlin\",\"isPartOf\":{\"@id\":\"http:\/\/kruemelskeks.net\/#website\"},\"datePublished\":\"2016-02-14T06:16:39+00:00\",\"dateModified\":\"2024-07-24T18:54:20+00:00\",\"inLanguage\":\"en-US\",\"potentialAction\":[{\"@type\":\"ReadAction\",\"target\":[\"http:\/\/kruemelskeks.net\/tagungswerk-seminar-und-gaestehaus-im-kubiz\/\"]}]},{\"@type\":\"WebSite\",\"@id\":\"http:\/\/kruemelskeks.net\/#website\",\"url\":\"http:\/\/kruemelskeks.net\/\",\"name\":\"OBUK Berlin\",\"description\":\"F\u00f6rderverein Bildung Umwelt Kultur e.V.\",\"potentialAction\":[{\"@type\":\"SearchAction\",\"target\":{\"@type\":\"EntryPoint\",\"urlTemplate\":\"http:\/\/kruemelskeks.net\/?s={search_term_string}\"},\"query-input\":\"required name=search_term_string\"}],\"inLanguage\":\"en-US\"}]}<\/script>\n<!-- \/ Yoast SEO plugin. -->","yoast_head_json":{"title":"tagungswerk - Seminar- und G\u00e4stehaus im KuBiZ - OBUK Berlin","robots":{"index":"index","follow":"follow","max-snippet":"max-snippet:-1","max-image-preview":"max-image-preview:large","max-video-preview":"max-video-preview:-1"},"canonical":"http:\/\/kruemelskeks.net\/tagungswerk-seminar-und-gaestehaus-im-kubiz\/","og_locale":"en_US","og_type":"article","og_title":"tagungswerk - Seminar- und G\u00e4stehaus im KuBiZ - OBUK Berlin","og_description":"Sie planen mit Ihrer Seminargruppe ein intensives Arbeits- und Diskussionswochenende und suchen daf\u00fcr den passenden Ort? Sie m\u00f6chten mit der Schulklasse nach Berlin oder suchen f\u00fcr ihre Gruppe eine \u00dcbernachtungsm\u00f6glichkeit jenseits vom anonymen Massenbetrieb der Jugendherbergen? Schauen Sie doch bei uns vorbei.","og_url":"http:\/\/kruemelskeks.net\/tagungswerk-seminar-und-gaestehaus-im-kubiz\/","og_site_name":"OBUK Berlin","article_modified_time":"2024-07-24T18:54:20+00:00","og_image":[{"url":"http:\/\/kruemelskeks.net\/wp-content\/uploads\/2016\/02\/tagungswerk-im-kubiz-seminarhaus.jpg"}],"twitter_card":"summary_large_image","twitter_misc":{"Est. reading time":"1 minute"},"schema":{"@context":"https:\/\/schema.org","@graph":[{"@type":"WebPage","@id":"http:\/\/kruemelskeks.net\/tagungswerk-seminar-und-gaestehaus-im-kubiz\/","url":"http:\/\/kruemelskeks.net\/tagungswerk-seminar-und-gaestehaus-im-kubiz\/","name":"tagungswerk - Seminar- und G\u00e4stehaus im KuBiZ - OBUK Berlin","isPartOf":{"@id":"http:\/\/kruemelskeks.net\/#website"},"datePublished":"2016-02-14T06:16:39+00:00","dateModified":"2024-07-24T18:54:20+00:00","inLanguage":"en-US","potentialAction":[{"@type":"ReadAction","target":["http:\/\/kruemelskeks.net\/tagungswerk-seminar-und-gaestehaus-im-kubiz\/"]}]},{"@type":"WebSite","@id":"http:\/\/kruemelskeks.net\/#website","url":"http:\/\/kruemelskeks.net\/","name":"OBUK Berlin","description":"F\u00f6rderverein Bildung Umwelt Kultur e.V.","potentialAction":[{"@type":"SearchAction","target":{"@type":"EntryPoint","urlTemplate":"http:\/\/kruemelskeks.net\/?s={search_term_string}"},"query-input":"required name=search_term_string"}],"inLanguage":"en-US"}]}},"_links":{"self":[{"href":"http:\/\/kruemelskeks.net\/en\/wp-json\/wp\/v2\/pages\/23"}],"collection":[{"href":"http:\/\/kruemelskeks.net\/en\/wp-json\/wp\/v2\/pages"}],"about":[{"href":"http:\/\/kruemelskeks.net\/en\/wp-json\/wp\/v2\/types\/page"}],"author":[{"embeddable":true,"href":"http:\/\/kruemelskeks.net\/en\/wp-json\/wp\/v2\/users\/2"}],"replies":[{"embeddable":true,"href":"http:\/\/kruemelskeks.net\/en\/wp-json\/wp\/v2\/comments?post=23"}],"version-history":[{"count":1,"href":"http:\/\/kruemelskeks.net\/en\/wp-json\/wp\/v2\/pages\/23\/revisions"}],"predecessor-version":[{"id":1117,"href":"http:\/\/kruemelskeks.net\/en\/wp-json\/wp\/v2\/pages\/23\/revisions\/1117"}],"wp:attachment":[{"href":"http:\/\/kruemelskeks.net\/en\/wp-json\/wp\/v2\/media?parent=23"}],"curies":[{"name":"wp","href":"https:\/\/api.w.org\/{rel}","templated":true}]}}

tagungswerk &#8211; Seminar- und Gästehaus im KuBiZ

<p><img loading="lazy" decoding="async" class="alignnone size-full wp-image-81" src="http://kruemelskeks.net/wp-content/uploads/2016/02/tagungswerk-im-kubiz-seminarhaus.jpg" alt="tagungswerk - Seminar- und Gästehaus im KuBiZ" width="760" height="150" srcset="http://kruemelskeks.net/wp-content/uploads/2016/02/tagungswerk-im-kubiz-seminarhaus.jpg 760w, http://kruemelskeks.net/wp-content/uploads/2016/02/tagungswerk-im-kubiz-seminarhaus-300x59.jpg 300w" sizes="(max-width: 760px) 100vw, 760px" /></p>
<p>Sie planen mit Ihrer <strong>Seminargruppe</strong> ein intensives Arbeits- und Diskussionswochenende und suchen dafür den passenden Ort? Sie möchten mit der <strong>Schulklasse</strong> nach Berlin, suchen aber eine Unterbringung jenseits vom anonymen Massenbetrieb der Jugendherbergen? Oder Ihre Gruppe sucht einfach nur eine <strong>Übernachtungsmöglichkeit</strong> für den Berlin-Besuch?</p>
<p><a href="https://http://kruemelskeks.net/wp-content/uploads/2016/02/seminarroom.jpg" target="_blank" rel="noopener"><img loading="lazy" decoding="async" class="alignright wp-image-416" src="https://kruemelskeks.net/wp-content/uploads/2016/02/seminarroom-300x168.jpg" alt="Seminarraum in unserem Gästehaus" width="320" height="179" srcset="http://kruemelskeks.net/wp-content/uploads/2016/02/seminarroom-300x168.jpg 300w, http://kruemelskeks.net/wp-content/uploads/2016/02/seminarroom.jpg 450w" sizes="(max-width: 320px) 100vw, 320px" /></a>OBUK e.V. betreibt seit 2013 im Berliner Bezirk Weißensee ein kleines Tagungs- und Gästehaus, das <strong>insgesamt 27 Gäste</strong> beherbergen kann. Unsere Übernachtungs- und Bildungsstätte ist inmitten eines selbstverwalteten, alternativen Wohn-, Arbeits- und Lebensprojektes angesiedelt. Mit unserem Seminar- und Gästehaus wollen wir einen Ort der Begegnung verschiedener Menschen, des Austausches und des miteinander Lernens schaffen.</p>
<blockquote><p><a href="http://tagungswerk.de/wordpress" target="_blank" rel="noopener"><img loading="lazy" decoding="async" class="alignright wp-image-421" src="https://kruemelskeks.net/wp-content/uploads/2016/02/tagungswerk-logo.png" alt="Logo tagungswerk" width="180" height="106" /></a><strong>Weitere Informationen</strong> zu den Räumlichkeiten und zu unseren Angeboten finden sie auf <a href="http://tagungswerk.de" target="_blank" rel="noopener">tagungswerk.de</a>.</p>
<p><strong>Kontakt:</strong> kontakt(at)tagungswerk.de</p></blockquote>

<p>Sie planen mit Ihrer Seminargruppe ein intensives Arbeits- und Diskussionswochenende und suchen dafür den passenden Ort? Sie möchten mit der Schulklasse nach Berlin oder suchen für ihre Gruppe eine Übernachtungsmöglichkeit jenseits vom anonymen Massenbetrieb der Jugendherbergen? Schauen Sie doch bei uns vorbei.</p>

<!-- This site is optimized with the Yoast SEO plugin v19.8 - https://yoast.com/wordpress/plugins/seo/ -->
<title>tagungswerk - Seminar- und Gästehaus im KuBiZ - OBUK Berlin</title>
<meta name="robots" content="index, follow, max-snippet:-1, max-image-preview:large, max-video-preview:-1" />
<link rel="canonical" href="http://kruemelskeks.net/tagungswerk-seminar-und-gaestehaus-im-kubiz/" />
<meta property="og:locale" content="en_US" />
<meta property="og:type" content="article" />
<meta property="og:title" content="tagungswerk - Seminar- und Gästehaus im KuBiZ - OBUK Berlin" />
<meta property="og:description" content="Sie planen mit Ihrer Seminargruppe ein intensives Arbeits- und Diskussionswochenende und suchen dafür den passenden Ort? Sie möchten mit der Schulklasse nach Berlin oder suchen für ihre Gruppe eine Übernachtungsmöglichkeit jenseits vom anonymen Massenbetrieb der Jugendherbergen? Schauen Sie doch bei uns vorbei." />
<meta property="og:url" content="http://kruemelskeks.net/tagungswerk-seminar-und-gaestehaus-im-kubiz/" />
<meta property="og:site_name" content="OBUK Berlin" />
<meta property="article:modified_time" content="2024-07-24T18:54:20+00:00" />
<meta property="og:image" content="http://kruemelskeks.net/wp-content/uploads/2016/02/tagungswerk-im-kubiz-seminarhaus.jpg" />
<meta name="twitter:card" content="summary_large_image" />
<meta name="twitter:label1" content="Est. reading time" />
	<meta name="twitter:data1" content="1 minute" />
<script type="application/ld+json" class="yoast-schema-graph">{"@context":"https://schema.org","@graph":[{"@type":"WebPage","@id":"http://kruemelskeks.net/tagungswerk-seminar-und-gaestehaus-im-kubiz/","url":"http://kruemelskeks.net/tagungswerk-seminar-und-gaestehaus-im-kubiz/","name":"tagungswerk - Seminar- und Gästehaus im KuBiZ - OBUK Berlin","isPartOf":{"@id":"http://kruemelskeks.net/#website"},"datePublished":"2016-02-14T06:16:39+00:00","dateModified":"2024-07-24T18:54:20+00:00","inLanguage":"en-US","potentialAction":[{"@type":"ReadAction","target":["http://kruemelskeks.net/tagungswerk-seminar-und-gaestehaus-im-kubiz/"]}]},{"@type":"WebSite","@id":"http://kruemelskeks.net/#website","url":"http://kruemelskeks.net/","name":"OBUK Berlin","description":"Förderverein Bildung Umwelt Kultur e.V.","potentialAction":[{"@type":"SearchAction","target":{"@type":"EntryPoint","urlTemplate":"http://kruemelskeks.net/?s={search_term_string}"},"query-input":"required name=search_term_string"}],"inLanguage":"en-US"}]}</script>
<!-- / Yoast SEO plugin. -->

tagungswerk - Seminar- und Gästehaus im KuBiZ - OBUK Berlin

Sie planen mit Ihrer Seminargruppe ein intensives Arbeits- und Diskussionswochenende und suchen dafür den passenden Ort? Sie möchten mit der Schulklasse nach Berlin oder suchen für ihre Gruppe eine Übernachtungsmöglichkeit jenseits vom anonymen Massenbetrieb der Jugendherbergen? Schauen Sie doch bei uns vorbei.

Förderverein Bildung Umwelt Kultur e.V.
